{"id":553,"date":"2020-05-09T22:25:57","date_gmt":"2020-05-09T20:25:57","guid":{"rendered":"https:\/\/www.prismatic-aussies.de\/?page_id=553"},"modified":"2022-07-01T23:00:12","modified_gmt":"2022-07-01T21:00:12","slug":"der-australian-shepherd","status":"publish","type":"page","link":"https:\/\/www.prismatic-aussies.de\/?page_id=553","title":{"rendered":"Der Australian Shepherd"},"content":{"rendered":"\n<p>Rassestandard des Australian Shepherd<\/p>\n\n\n\n<p><strong>Allgemeine Erscheinung:<\/strong><br>Der Australian Shepherd ist ein gut ausbalancierter Hund von mittlerer Gr\u00f6\u00dfe und Knochenst\u00e4rke. Er ist aufmerksam und lebhaft, zeigt St\u00e4rke und Ausdauer, kombiniert mit einer au\u00dfergew\u00f6hnlichen Beweglichkeit. Er ist etwas l\u00e4nger als hoch und hat ein Fell von mittlerer L\u00e4nge und H\u00e4rte, bei dem die F\u00e4rbungen eine gro\u00dfe Variationsbreite und Individualit\u00e4t bei jedem Hund erm\u00f6glichen. Eine identifizierende Charakteristik ist seine nat\u00fcrliche oder kupierte\u00a0<em>(Anmerkung: in Deutschland laut Tierschutzgesetz verboten)<\/em>\u00a0Stummelrute. Die Geschlechtsunterschiede zwischen R\u00fcden und H\u00fcndinnen sind deutlich erkennbar.<\/p>\n\n\n\n<p><strong>Charakter:<\/strong><br>Der Australian Shepherd ist intelligent , in erster Linie ein Arbeitshund mit starkem H\u00fcte- und Schutztrieb. Er ist ein au\u00dfergew\u00f6hnlicher Begleiter. Er ist vielseitig und leicht zu trainieren und erf\u00fcllt die ihm gestellten Aufgaben mit gro\u00dfem Stil und Enthusiasmus. Er ist Fremden gegen\u00fcber reserviert, zeigt jedoch keine Scheu. Obgleich er ein aggressiver und authorit\u00e4rer Arbeiter ist, ist B\u00f6sartigkeit gegen\u00fcber Menschen und Tieren nicht tolerabel.<\/p>\n\n\n\n<p><strong><strong>Kopf:<\/strong><br><\/strong>Wohlgeformt, kr\u00e4ftig trocken und in Proportion zum K\u00f6rper. Der Oberkopf ist flach bis leicht gew\u00f6lbt, seine L\u00e4nge und Breite sind gleich der L\u00e4nge der Schnauze, die ausgeglichen und proportioniert zum Rest des Kopfes ist. Die Schnauze verj\u00fcngt sich leicht zu einer gerundeten Nasenspitze. Der Stop ist mittelm\u00e4\u00dfig ausgepr\u00e4gt, aber deutlich erkennbar.<\/p>\n\n\n\n<p><strong>Z\u00e4hne:<\/strong><br>Komplettes Scherengebi\u00df mit gesunden, wei\u00dfen Z\u00e4hnen. Ein glatter Aufbi\u00df ist ein Fehler. Abgebrochene Z\u00e4hne oder Z\u00e4hne die auf Grund eines Unfalls fehlen, werden nicht als Fehler angesehen.<br>Disqualifizierende Fehler sind: Unterbi\u00df, \u00dcberbi\u00df gr\u00f6\u00dfer als 0,31 cm (1\/8 inch).<\/p>\n\n\n\n<p><strong>Augen:<\/strong><br>Sehr ausdrucksstark zeigen sie Aufmerksamkeit und Intelligenz. Klar, mandelf\u00f6rmig und von mittlerer Gr\u00f6\u00dfe, ein wenig schr\u00e4g angesetzt, weder vorstehend noch eingefallen, mit dunklen Pupillen, scharf abgegrenzt und perfekt positioniert. Die Farben sind: blau, braun, bernsteinfarben, gr\u00fcn oder jede Variation oder Kombination einschlie\u00dflich Flecken und Marmorierung.<\/p>\n\n\n\n<p><strong>Ohren:<\/strong><br>Hochangesetzt an den Seiten des Kopfes, dreieckig und leicht gerundet an der Spitze, von mittlerer Gr\u00f6\u00dfe. Die L\u00e4nge wird gemessen, indem man die Spitze des Ohres an die innenseitige Ecke des Auges f\u00fchrt. Bei voller Aufmerksamkeit fallen die Ohren nach vorne, zwischen einem Viertel (1\/4) und der H\u00e4lfte (1\/2) vom Ansatz gerechnet.<br>Stehohren und H\u00e4ngeohren sind schwere Fehler.<\/p>\n\n\n\n<p><strong>Nacken und K\u00f6rper:<\/strong><br>Der Nacken ist fest, klar, steht in Proportion zum K\u00f6rper. Er ist von mittlerer L\u00e4nge, leicht gew\u00f6lbt und gut in die Schultern eingesetzt. Der K\u00f6rper ist fest und muskul\u00f6s. Die R\u00fcckenlinie erscheint waagerecht bei einer nat\u00fcrlichen viereckigen Haltung. Die Brust ist tief und fest mit wohlgeformten Rippen. Die Lende ist von oben gesehen stark und breit. Die Unterlinie steigt m\u00e4\u00dfig von vorne nach hinten an. Die Kruppe ist m\u00e4\u00dfig abfallend. Der Idealwinkel liegt bei 30 Grad von der Horizontalen.<\/p>\n\n\n\n<p><strong>Rute:<\/strong><br>Die Rute ist gerade, nicht l\u00e4nger als 10,16 cm (4 inches), eine nat\u00fcrliche Stummelrute, oder kupiert.&nbsp;(<em>Anmerkung: Da das kupieren in Deutschland verboten ist, haben die Ruten ihre nat\u00fcrliche L\u00e4nge<\/em>)<\/p>\n\n\n\n<p><strong>Vorhand:<\/strong><br>Die Schulterbl\u00e4tter sind gut zur\u00fcck gelegt, der Oberarm etwas l\u00e4nger als das Schulterblatt. Oberarm und Schulterblatt sind gut bemuskelt. Die Vorderbeine sind gerade und fest, stehen senkrecht zum Boden und sind von moderater Knochenst\u00e4rke. Die Ellenbogen liegen unterhalb des Widerrists. Die Entfernung vom Widerrist zum Ellenbogen ist gleich der Entfernung vom Ellenbogen bis zum Boden.&nbsp; Die Fesseln sind kurz, dick und stark aber dennoch flexibel. Sie zeigen von der Seite betrachtet einen leichten Winkel. Die Pfoten sind oval geformt, kompakt mit eng verbundenen, gut gew\u00f6lbten Zehen. Die Ballen sind dick und elastisch. Die Krallen sind kurz und kr\u00e4ftig. Wolfskrallen k\u00f6nnen entfernt werden.<\/p>\n\n\n\n<p><strong>Hinterhand:<\/strong><br>Die Weite der Hinterhand ist ann\u00e4hernd gleich der Weite der Vorderhand an den Schultern. Winkelung von Becken und Oberschenkel (Femur) entsprechen der Winkelung von Schulterblatt und Oberarm, wobei sie ann\u00e4hernd einen rechten Winkel bilden. Die Kniegelenke sind klar definiert, die Sprunggelenke m\u00e4\u00dfig gebogen. Die Metatarsi sind kurz, senkrecht zum Boden und parallel zueinander, wenn man sie von hinten betrachtet. Die Pfoten sind oval geformt, kompakt, mit eng verbundenen, gut gew\u00f6lbten Zehen. Die Ballen sind dick und elastisch. Die Krallen sind kurz und stark. Die hinteren Wolfskrallen werden entfernt.<\/p>\n\n\n\n<p><strong><strong>Gang:<\/strong><br><\/strong>Weich, frei und leicht. Zeigt Behendigkeit in der Bewegungen mit einem gut ausbalancierten, raumgreifenden Schritt. Vorder- und Hinterbeine bewegen sich gerade und parallel zur Mittellinie des K\u00f6rpers; bei steigender Geschwindigkeit n\u00e4hern sich die Vorder- und Hinterpfoten der Schwerpunktlinie des Hundes, w\u00e4hrend die R\u00fcckenlinie des Hundes fest und waagerecht bleibt.<\/p>\n\n\n\n<p><strong>Fell:<\/strong><br>Von mittlerer Beschaffenheit, glatt bis leicht gewellt, wetterbest\u00e4ndig von mittlerer L\u00e4nge mit Unterwolle. Die Quantit\u00e4t der Unterwolle variiert mit dem Klima. Das Haar ist kurz glatt am Kopf, an der Au\u00dfenseite der Ohren, der Vorderseite der Vorderbeine und unterhalb der Sprunggelenke. Die R\u00fcckseite der Vorderbeine ist m\u00e4\u00dfig befedert; die Hosen sind mittelvoll. M\u00e4hne und Kragen sind m\u00e4\u00dfig, bei R\u00fcden ausgepr\u00e4gter als bei H\u00fcndinnen.<br>Untypische Fellbeschaffenheit ist ein schwerer Fehler.<\/p>\n\n\n\n<p><strong><strong><a href=\"https:\/\/www.aussie.de\/australian-shepherd\/farben-fellfarben\/\">Farbe<\/a>:<\/strong><br><\/strong>Alle Farben sind kr\u00e4ftig, klar und satt. Die anerkannten Farben sind Blue Merle, Red (Leber) Merle, einfarbig Schwarz oder einfarbig Rot (Leber), alle mit oder ohne wei\u00df und\/oder kupferfarbenen Abzeichen, ohne Vorzug der Reihenfolge. Die Blue Merles und einfarbig schwarzen Hunde haben schwarz pigmentierte Nasen, Lippen und Augenumrandungen. Die Red Merles und einfarbig roten Hunde haben leberfarbene Nasen, Lippen und Augenumrandungen. Teilweise unpigmentierte Nasen (Butterfly Nose) sind bei Hunden unter einem Jahr nicht als Fehler zu werten. Bei allen Farben sind die Bereiche um die Augen und Ohren \u00fcberwiegend von anderen Farben als wei\u00df beherrscht. Der Haaransatz eines wei\u00dfen Kragens darf nicht hinter dem Widerrist liegen.<br>Disqualifizierende Fehler: Andere als die anerkannten Farben. Wei\u00dfe Flecken am K\u00f6rper. Vollst\u00e4ndig unpigmentierte Nasen (Dudley Nose).<\/p>\n\n\n\n<p><strong>Gr\u00f6\u00dfe:<\/strong><br>Bevorzugte H\u00f6he im Widerrist ist f\u00fcr<br>R\u00fcden 50,8 cm \u2013 58,5 cm (20-23 inches);<br>f\u00fcr H\u00fcndinnen 45,7 cm \u2013 53,4 cm (18-21 inches),<br>jedoch sollte Qualit\u00e4t nie der Gr\u00f6\u00dfe geopfert werden.<\/p>\n\n\n\n<p><strong>Fehler<\/strong>:<br>Andere disqualifizierende Fehler: Monorchismus, Kryptorchismus.<\/p>\n\n\n\n<p>Der Rassestandard des ASCA wurde vom Englischen ins Deutsche \u00fcbersetzt und wir durften ihn freundlicherweise von www.aussie.de nutzen. Danke hierf\u00fcr! <\/p>\n","protected":false},"excerpt":{"rendered":"<p>Rassestandard des Australian Shepherd Allgemeine Erscheinung:Der Australian Shepherd ist ein gut ausbalancierter Hund von mittlerer Gr\u00f6\u00dfe und Knochenst\u00e4rke. Er ist aufmerksam und lebhaft, zeigt St\u00e4rke und Ausdauer, kombiniert mit einer au\u00dfergew\u00f6hnlichen Beweglichkeit. Er ist etwas l\u00e4nger als hoch und hat ein Fell von mittlerer L\u00e4nge und H\u00e4rte, bei dem die F\u00e4rbungen eine gro\u00dfe Variationsbreite und&hellip;<\/p>\n","protected":false},"author":2,"featured_media":0,"parent":0,"menu_order":0,"comment_status":"closed","ping_status":"closed","template":"","meta":{"jetpack_post_was_ever_published":false,"footnotes":""},"jetpack_sharing_enabled":true,"jetpack_shortlink":"https:\/\/wp.me\/PaddUO-8V","_links":{"self":[{"href":"https:\/\/www.prismatic-aussies.de\/index.php?rest_route=\/wp\/v2\/pages\/553"}],"collection":[{"href":"https:\/\/www.prismatic-aussies.de\/index.php?rest_route=\/wp\/v2\/pages"}],"about":[{"href":"https:\/\/www.prismatic-aussies.de\/index.php?rest_route=\/wp\/v2\/types\/page"}],"author":[{"embeddable":true,"href":"https:\/\/www.prismatic-aussies.de\/index.php?rest_route=\/wp\/v2\/users\/2"}],"replies":[{"embeddable":true,"href":"https:\/\/www.prismatic-aussies.de\/index.php?rest_route=%2Fwp%2Fv2%2Fcomments&post=553"}],"version-history":[{"count":3,"href":"https:\/\/www.prismatic-aussies.de\/index.php?rest_route=\/wp\/v2\/pages\/553\/revisions"}],"predecessor-version":[{"id":900,"href":"https:\/\/www.prismatic-aussies.de\/index.php?rest_route=\/wp\/v2\/pages\/553\/revisions\/900"}],"wp:attachment":[{"href":"https:\/\/www.prismatic-aussies.de\/index.php?rest_route=%2Fwp%2Fv2%2Fmedia&parent=553"}],"curies":[{"name":"wp","href":"https:\/\/api.w.org\/{rel}","templated":true}]}}