{"id":8,"date":"2018-08-22T13:08:48","date_gmt":"2018-08-22T13:08:48","guid":{"rendered":"http:\/\/prismatic-aussies.de\/?page_id=8"},"modified":"2022-07-03T10:28:42","modified_gmt":"2022-07-03T08:28:42","slug":"macy","status":"publish","type":"page","link":"https:\/\/www.prismatic-aussies.de\/?page_id=8","title":{"rendered":"Macy"},"content":{"rendered":"\n<p class=\"has-text-align-center has-regular-font-size\">Nightfall&#8217;s Radiant Darkness RNX RAX REX RM GS-O RS-N JS-O<\/p>\n\n\n<div class=\"wp-block-image\">\n<figure class=\"aligncenter size-large is-resized\"><img loading=\"lazy\" decoding=\"async\" src=\"https:\/\/www.prismatic-aussies.de\/wp-content\/uploads\/2020\/04\/P1880453macy-3000x2250.jpg\" alt=\"\" class=\"wp-image-472\" width=\"750\" height=\"563\" srcset=\"https:\/\/www.prismatic-aussies.de\/wp-content\/uploads\/2020\/04\/P1880453macy-3000x2250.jpg 3000w, https:\/\/www.prismatic-aussies.de\/wp-content\/uploads\/2020\/04\/P1880453macy-300x225.jpg 300w, https:\/\/www.prismatic-aussies.de\/wp-content\/uploads\/2020\/04\/P1880453macy-768x576.jpg 768w, https:\/\/www.prismatic-aussies.de\/wp-content\/uploads\/2020\/04\/P1880453macy-1536x1152.jpg 1536w, https:\/\/www.prismatic-aussies.de\/wp-content\/uploads\/2020\/04\/P1880453macy-2048x1536.jpg 2048w, https:\/\/www.prismatic-aussies.de\/wp-content\/uploads\/2020\/04\/P1880453macy-120x90.jpg 120w\" sizes=\"(max-width: 750px) 100vw, 750px\" \/><\/figure><\/div>\n\n\n<div class=\"wp-block-columns is-layout-flex wp-container-core-columns-layout-1 wp-block-columns-is-layout-flex\">\n<div class=\"wp-block-column is-layout-flow wp-block-column-is-layout-flow\">\n<p>Sire: Longshadows Angel of the Hearts DNA-VP<br>Dam: Ocean of Fire&#8217;s Nightfall RNX RAX REX RMX REM DNA-VP<br><\/p>\n<\/div>\n\n\n\n<div class=\"wp-block-column is-layout-flow wp-block-column-is-layout-flow\">\n<p>DoB: 2. Oktober 2016<br>Gr\u00f6\u00dfe: 48,5 cm<br>Gewicht: 20kg<br>Augen: braun\/braun<br>Rute: Lang<br>vollst\u00e4ndiges, korrektes Scherengebiss<\/p>\n<\/div>\n\n\n\n<div class=\"wp-block-column is-layout-flow wp-block-column-is-layout-flow\">\n<p>HD: A1 (Dr. Viefhues)<br>ED: 0\/0<br>OCD: Frei<br>MDR1, DM, PRA, HSF4, MH, CMR-1: Frei \u00fcber Eltern<br>CEA: k\u00f6nnte Tr\u00e4ger sein<\/p>\n<\/div>\n<\/div>\n\n\n<div class=\"wp-block-image\">\n<figure class=\"aligncenter size-large is-resized\"><img loading=\"lazy\" decoding=\"async\" src=\"https:\/\/www.prismatic-aussies.de\/wp-content\/uploads\/2020\/05\/DSC_0282-klein.jpg\" alt=\"\" class=\"wp-image-544\" width=\"625\" height=\"414\" srcset=\"https:\/\/www.prismatic-aussies.de\/wp-content\/uploads\/2020\/05\/DSC_0282-klein.jpg 2500w, https:\/\/www.prismatic-aussies.de\/wp-content\/uploads\/2020\/05\/DSC_0282-klein-300x199.jpg 300w, https:\/\/www.prismatic-aussies.de\/wp-content\/uploads\/2020\/05\/DSC_0282-klein-768x509.jpg 768w, https:\/\/www.prismatic-aussies.de\/wp-content\/uploads\/2020\/05\/DSC_0282-klein-1536x1017.jpg 1536w, https:\/\/www.prismatic-aussies.de\/wp-content\/uploads\/2020\/05\/DSC_0282-klein-2048x1357.jpg 2048w\" sizes=\"(max-width: 625px) 100vw, 625px\" \/><\/figure><\/div>\n\n\n<p>Beinahe 12 Jahre musste ich warten und mich gedulden, bis der Zeitpunkt f\u00fcr meinen ersten Aussie perfekt war. Als ich h\u00f6rte, dass Julia mit Marni einen Wurf plante war mir klar: jetzt oder nie.<\/p>\n\n\n\n<p>Mein \u201eRumpelchen\u201c wurde am 2. Oktober 2016 geboren. Macy hat mich durch ihre ruhige, witzige und selbstsichere Art einfach verzaubert. Bei ihr war ich mir sicher, dass sie in mein sonst schon turbulentes Leben passt. Immerhin bin ich zuhause ja nicht alleine, sondern meine Eltern und auch Gro\u00dfeltern wohnen hier, zudem geh\u00f6ren auch noch Katzen, H\u00fchner und Kaninchen zu unserer Familie. Anfang Dezember konnte ich Macy endlich mit nachhause nehmen (oohhhhh was war ich nerv\u00f6s ich glaub ich hab fast mehr Tr\u00e4nen verdr\u00fcckt als Julia ) und sie hat mein Leben komplett ver\u00e4ndert!<\/p>\n\n\n\n<p>Macy hat mir viel beigebracht. Am meisten musste ich lernen, ihr einfach zu vertrauen. Denn sie ist einfach toll, so wie sie ist. Macy ist eine sehr ruhige H\u00fcndin, die bereits sehr jung konzentriert arbeiten konnte. Besonders die Pubert\u00e4t war immer unkompliziert mit ihr, sie hat nie gro\u00dfartig auf Durchzug gestellt oder Bl\u00f6dsinn gemacht. Und sollte sie doch mal was angestellt haben so braucht es kein gro\u00dfes Donnerwetter, sondern sie wei\u00df bereits bei einer etwas tieferen, ernsteren Stimmlage was Sache ist \ud83d\ude09<\/p>\n\n\n<div class=\"wp-block-image\">\n<figure class=\"alignright size-large is-resized\"><img loading=\"lazy\" decoding=\"async\" src=\"https:\/\/www.prismatic-aussies.de\/wp-content\/uploads\/2018\/09\/P1570484-1024x768.jpg\" alt=\"\" class=\"wp-image-171\" width=\"300\" height=\"225\" srcset=\"https:\/\/www.prismatic-aussies.de\/wp-content\/uploads\/2018\/09\/P1570484-1024x768.jpg 1024w, https:\/\/www.prismatic-aussies.de\/wp-content\/uploads\/2018\/09\/P1570484-300x225.jpg 300w, https:\/\/www.prismatic-aussies.de\/wp-content\/uploads\/2018\/09\/P1570484-768x576.jpg 768w, https:\/\/www.prismatic-aussies.de\/wp-content\/uploads\/2018\/09\/P1570484-120x90.jpg 120w\" sizes=\"(max-width: 300px) 100vw, 300px\" \/><figcaption>Rudi mit Lotte (BJ, RBJ, HIT Junior Rally) mit Mama Marni und Macy (1. Platz Excellent A) in Freiburg an der Elbe<\/figcaption><\/figure><\/div>\n\n\n<p>Am liebsten w\u00fcrde Macy den ganzen Tag nur im Garten liegen und auf ihre Katzen und H\u00fchner aufpassen. Besuch wird in der Regel zuerst lautstark und dann \u00fcberschw\u00e4nglich begr\u00fc\u00dft, bevor man dann sich schnell ankuschelt und unter den Stuhl legt \ud83d\ude09 Lieber mittendrin als nur dabei! Macy w\u00fcrde, wenn sie k\u00f6nnte, sowieso am liebsten den ganzen Tag mit Frauchen oder Herrchen im Bett liegen und sich die Wampe kraulen lassen.<\/p>\n\n\n\n<p>Macy bringt so schnell nichts aus der Ruhe. Sie ist absolut Gewitter- und Schusssicher. Neuem gegen\u00fcber ist sie sehr aufgeschlossen und neugierig. Sie ist f\u00fcr mich der Inbegriff von \u201ewesensfest\u201c.<\/p>\n\n\n\n<p>Mit anderen Artgenossen ist Macy sehr selbstbewusst und l\u00e4sst sich nicht die Butter vom Brot nehmen. Welpen mag sie total gerne, sagt aber auch bestimmt Bescheid, wenn die Welpenz\u00e4hnchen doch mal zu feste zugebissen haben. Jungspunde und fremde Hund werden erstmal neutral begr\u00fc\u00dft. Wenn man sich jedoch erstmal kennt, darf man mit Macy gerne die Sau rauslassen und Pferde stehlen gehen.<\/p>\n\n\n<div class=\"wp-block-image\">\n<figure class=\"alignleft size-large is-resized\"><img loading=\"lazy\" decoding=\"async\" src=\"https:\/\/www.prismatic-aussies.de\/wp-content\/uploads\/2020\/04\/1E3A4295-3000x2000.jpg\" alt=\"\" class=\"wp-image-489\" width=\"300\" height=\"200\" srcset=\"https:\/\/www.prismatic-aussies.de\/wp-content\/uploads\/2020\/04\/1E3A4295-3000x2000.jpg 3000w, https:\/\/www.prismatic-aussies.de\/wp-content\/uploads\/2020\/04\/1E3A4295-300x200.jpg 300w, https:\/\/www.prismatic-aussies.de\/wp-content\/uploads\/2020\/04\/1E3A4295-768x512.jpg 768w, https:\/\/www.prismatic-aussies.de\/wp-content\/uploads\/2020\/04\/1E3A4295-1536x1024.jpg 1536w, https:\/\/www.prismatic-aussies.de\/wp-content\/uploads\/2020\/04\/1E3A4295-2048x1365.jpg 2048w\" sizes=\"(max-width: 300px) 100vw, 300px\" \/><\/figure><\/div>\n\n\n<p>In Zukunft werden wir jedoch mehr die Agility-Szene aufmischen. Macy hat ein gutes Grundtempo ohne zu \u00fcberdrehen, achtet super auf meine K\u00f6rpersprache und versteht die einzelnen Ger\u00e4te sehr schnell. Hier bl\u00fcht mein M\u00e4dchen regelrecht auf, nur leider hat sie mich als Handicap, denn auch f\u00fcr mich ist Agility absolutes Neuland. Aktuell haben wir im VDH den Aufstieg in die A1 geschafft, und auch beim ASCA sind wir flei\u00dfig am Qualifikationen sammeln, sodass wir hier im Jumpers bereits im Elite laufen \ud83d\ude42 Aktuell arbeiten wir wieder daran etwas mehr Ruhe reinzubekommen. Macy ist extrem schnell geworden, und damit kommen nat\u00fcrlich die \u00fcblichen Begleiterscheinungen.&nbsp;<\/p>\n\n\n\n<p>Macy ist und bleibt f\u00fcr mich mein perfekter Hund. Ich bin so stolz auf mein Rumpelchen und hoffe, dass wir jeden Tag einfach noch ein besseres Team werden. Sie hat mich einfach noch nie entt\u00e4uscht, mir jeden meiner Fehler (uiii und da gibts einige von) verziehen und zeigt mir jeden Tag, dass es goldrichtig war, 12 Jahre auf \u201emeinen\u201c Aussie zu warten &#x2764;<\/p>\n\n\n\n<p>Macy und ich durften 2021 Teil der ersten Staffel &#8222;Top Dog Germany&#8220; sein, wo Macy mit einem gro\u00dfen Abstand die erste Runde gewonnen hat, dann aber in der zweiten Runde mit nur 4 Sekunden den Einzug ins Finale verpasst hat. Ich bin unendlich stolz auf meinen Kugelblitz &lt;3 <\/p>\n\n\n\n<div class=\"wp-block-group is-layout-flow wp-block-group-is-layout-flow\"><div class=\"wp-block-group__inner-container\">\n<div class=\"wp-block-group is-layout-flow wp-block-group-is-layout-flow\"><div class=\"wp-block-group__inner-container\"><\/div><\/div>\n\n\n\n<div class=\"wp-block-group is-layout-flow wp-block-group-is-layout-flow\"><div class=\"wp-block-group__inner-container\"><\/div><\/div>\n<\/div><\/div>\n\n\n\n<div class=\"wp-block-file\"><a id=\"wp-block-file--media-ceb9de78-b33e-4a2c-a92c-09fd1c7479c5\" href=\"https:\/\/www.prismatic-aussies.de\/wp-content\/uploads\/2020\/05\/Nightfalls-Radiant-Darkness-Pedigree.pdf\">Pedigree-Macy<\/a><a href=\"https:\/\/www.prismatic-aussies.de\/wp-content\/uploads\/2020\/05\/Nightfalls-Radiant-Darkness-Pedigree.pdf\" class=\"wp-block-file__button\" download aria-describedby=\"wp-block-file--media-ceb9de78-b33e-4a2c-a92c-09fd1c7479c5\">Herunterladen<\/a><\/div>\n\n\n\n\n\n<p>&nbsp;<\/p>\n","protected":false},"excerpt":{"rendered":"<p>Nightfall&#8217;s Radiant Darkness RNX RAX REX RM GS-O RS-N JS-O Sire: Longshadows Angel of the Hearts DNA-VPDam: Ocean of Fire&#8217;s Nightfall RNX RAX REX RMX REM DNA-VP DoB: 2. Oktober 2016Gr\u00f6\u00dfe: 48,5 cmGewicht: 20kgAugen: braun\/braunRute: Langvollst\u00e4ndiges, korrektes Scherengebiss HD: A1 (Dr. Viefhues)ED: 0\/0OCD: FreiMDR1, DM, PRA, HSF4, MH, CMR-1: Frei \u00fcber ElternCEA: k\u00f6nnte Tr\u00e4ger sein&hellip;<\/p>\n","protected":false},"author":1,"featured_media":0,"parent":0,"menu_order":0,"comment_status":"closed","ping_status":"closed","template":"","meta":{"jetpack_post_was_ever_published":false,"footnotes":""},"jetpack_sharing_enabled":true,"jetpack_shortlink":"https:\/\/wp.me\/PaddUO-8","_links":{"self":[{"href":"https:\/\/www.prismatic-aussies.de\/index.php?rest_route=\/wp\/v2\/pages\/8"}],"collection":[{"href":"https:\/\/www.prismatic-aussies.de\/index.php?rest_route=\/wp\/v2\/pages"}],"about":[{"href":"https:\/\/www.prismatic-aussies.de\/index.php?rest_route=\/wp\/v2\/types\/page"}],"author":[{"embeddable":true,"href":"https:\/\/www.prismatic-aussies.de\/index.php?rest_route=\/wp\/v2\/users\/1"}],"replies":[{"embeddable":true,"href":"https:\/\/www.prismatic-aussies.de\/index.php?rest_route=%2Fwp%2Fv2%2Fcomments&post=8"}],"version-history":[{"count":27,"href":"https:\/\/www.prismatic-aussies.de\/index.php?rest_route=\/wp\/v2\/pages\/8\/revisions"}],"predecessor-version":[{"id":905,"href":"https:\/\/www.prismatic-aussies.de\/index.php?rest_route=\/wp\/v2\/pages\/8\/revisions\/905"}],"wp:attachment":[{"href":"https:\/\/www.prismatic-aussies.de\/index.php?rest_route=%2Fwp%2Fv2%2Fmedia&parent=8"}],"curies":[{"name":"wp","href":"https:\/\/api.w.org\/{rel}","templated":true}]}}